3
Let o = 44 + -17. Let n = o - 31. Let i(d) be the second derivative of d**3/3 - 2*d**2 + 6*d. Determine i(n).
-12
Let c be -3 - (119/(-49))/((-15)/(-35)). Let n(r) be the first derivative of c*r**3 + 2*r - 16 + 7/2*r**2 + 1/4*r**4. What is n(-7)?
2
Let y be 415/45 - (306/81)/17. Let t(u) = 5*u + 7. Suppose -2*l + 4*k = 26, -l - 2*k = 1 - 0. Let s(c) = 4*c + 7. Let b(w) = l*s(w) + 6*t(w). What is b(y)?
11
Let x(l) = l**3 + 17*l + 2*l**2 - 297225 + 297195 - 18*l**2. Calculate x(15).
0
Let v(w) be the first derivative of w**4/4 + w - 303. Let a(t) = -2*t**2 - t. Let j be a(1). Give v(j).
-26
Let c(r) = 3*r - 2. Let m(l) = 2*l + 20. Let k be m(23). Suppose k*u + 14 = 59*u. What is c(u)?
-8
Let q(i) = 3*i**2 + 3*i - 23. Let h(z) = -7*z**2 - 5*z + 47. Let p(o) = 4*h(o) + 9*q(o). Let a(l) be the first derivative of p(l). Calculate a(-5).
17
Let y(l) = 2222 - 2218 + 9*l**2 - 5*l**2. Give y(2).
20
Let c(x) = -2*x**3 - 6*x**2 + 3*x - 5. Let p(t) = 392 - t - t**2 - 390 + 4*t**2 - 3*t**3 + 4*t**3. Let i(z) = 2*c(z) + 5*p(z). What is i(-3)?
-3
Let a(v) be the first derivative of -59*v**4/4 + v**2 - v + 757. Give a(1).
-58
Let o(g) = 1824*g + 7 - 1849*g - 2*g**2 + 9 - 2*g**2. Determine o(-7).
-5
Suppose -5*o + 145 = 5*k, -38 = -2*o - 4*k + 24. Let i = o + -24. Let t(a) = -1 + 8 + 5*a - 1 - 3 + a**i - 7*a**2. What is t(6)?
-3
Let i(k) be the second derivative of k**5/20 + k**4/2 + 4*k**3/3 + 5*k**2/2 + 242*k - 1. Give i(-3).
8
Let q(f) = 4*f - 90. Suppose 14*m - 240 = -23*m + 27*m. Determine q(m).
6
Let f(m) = m**2 - m - 8. Suppose 0 = 4*b + s + 2 - 14, 2*s - 12 = -2*b. Suppose 0 = 2*n, -b*n = t - n. What is f(t)?
-8
Let k(o) = -2*o**3 - 2*o**2 + o. Let p(u) = u**3 - 5*u**2 + 5*u. Suppose 16*h = -0*h + 32. Let x be p(h). What is k(x)?
6
Suppose -2*s - 3*o + 23 = 0, 5*o - 33 = -102*s + 100*s. Let m(h) be the second derivative of -h**4/12 - 2*h**3/3 + 3*h**2 + h. Calculate m(s).
-26
Let a(h) = 66*h**2 - 4*h - 1. Let t = -18 + 17. Let l be a(t). Let r = -73 + l. Let f(u) = u**3 + 3*u**2 - 3*u - 3. What is f(r)?
-7
Let h be -6*(2 + 10/(-3)). Suppose -3*t - 2*t = 4*n - 1738, -1406 = -4*t + 2*n. Let l(i) = -1 - 351*i + t*i + 7. Determine l(h).
-2
Let d(i) = -9535*i**2 - 9 - 8 + 2*i**3 + 9550*i**2 + 4*i. Calculate d(-7).
4
Let o(h) = -h**3 - 7*h**2 + 8*h - 4. Let y(w) = -w**3 - 8*w**2 - 11*w + 12. Let f = -223 + 218. Let n be y(f). Determine o(n).
-4
Let c(i) = 3 - 20 + 4*i - 41. Let d(s) = -s + 12. Let q(k) = 3*c(k) + 14*d(k). Calculate q(-6).
6
Let b(q) = q**3 - 5*q**2 - 14*q + 2. Suppose 8*g = -10*g + 126. Let y be b(g). Let s(i) = -i**2 - 2 + 5*i + 3*i + 0*i**y - 6*i. Calculate s(4).
-10
Let d(y) = -3*y + 24. Suppose 3474 = 271*w - 591. Determine d(w).
-21
Let d(q) be the second derivative of -22*q**3/3 - 141*q**2/2 + 2*q + 867. Give d(-3).
-9
Let t(k) be the first derivative of -1/2*k**2 + 170 - 6*k. What is t(-9)?
3
Let k = -24922 - -24927. Let u(f) = 34*f - 29. What is u(k)?
141
Suppose -2*m + 6*m - 780 = -4*w, 205 = w - 4*m. Let s = 191 - w. Let c(a) = 5*a - 1. Calculate c(s).
-31
Let r(f) = -3*f - 25. Suppose 77*g - 4*g = -156*g - 1145. Calculate r(g).
-10
Let u(y) = -5*y - 25. Let i be u(-6). Let m(d) = -6 + i + d + 11*d**2 + 15*d**2 - 27*d**2. What is m(1)?
-1
Let w(i) = -3*i + 16. Let n be w(7). Let l(k) = -7*k**3 + 2*k**2 + 11*k - 41. Let y(s) = -s**3 + s**2 + s - 6. Let r(g) = -l(g) + 6*y(g). Calculate r(n).
5
Let b(g) be the first derivative of 29*g**2/2 + 70*g + 2313. Calculate b(-4).
-46
Let c(m) be the third derivative of 5*m**4/24 + 5*m**3/3 + m**2. Suppose -94*d = -210*d - 464. Calculate c(d).
-10
Suppose 13*q - 11*q = 8. Let f be ((-2)/q - (-2 + 2))*2. Let t(x) = -x**2 - x. What is t(f)?
0
Suppose 2*k - 7*f + 2*f = 603, 0 = -f - 1. Suppose q + k = 310. Let b(l) = -2*l + 20. Calculate b(q).
-2
Let g(o) be the first derivative of o**2/2 + 6*o - 1. Suppose 955 = 3*t + 982, 0 = -5*h + 4*t - 9. Give g(h).
-3
Let s(l) = -l**2 - 5*l + 15. Let z be s(-7). Let k = 107 + -34. Let i(j) = k*j - 1 - 33*j**2 - 73*j + 42*j**2. Give i(z).
8
Let x(l) = l**3 + l**2 - 1. Let a(r) = -6*r**3 - 10*r**2 + 3*r + 10. Let f(u) = a(u) + 4*x(u). Let z be f(-3). Let v(s) = 2*s**3 + 5*s**2 + 3*s + 4. Give v(z).
-14
Let u(z) = -2*z + 20. Suppose -l - 2*c = 378, -l + 0*c = 5*c + 369. Let d = l + 394. What is u(d)?
0
Let v(m) = -19 - 571*m**2 + 192*m**2 + 191*m**2 + 187*m**2 + 17*m. Give v(15).
11
Let b(l) = 0*l + 6*l + 4*l - 2 - 2*l. Let o be 1000/84 - 10/(-105). Let k(p) = 2*p - 26. Let n be k(o). Determine b(n).
-18
Suppose -4*k - 2*i + 6 = 0, 4*k + 5*i = -4 - 5. Let f = k - -1. Let u(a) = -a**3 + 6*a**2 - 5*a - 1. Give u(f).
-1
Let v = -7469 + 7468. Let u(x) = 31*x + 2. Give u(v).
-29
Let q(d) = -169 + 37 - 7*d + 37 + 32 + 25 + 36. Suppose -b = -2*m + 5, -2*m + 0*m + 4*b = 10. Determine q(m).
-37
Let a(x) = -39*x + 19. Let n be a(-4). Let m(k) = k**3 - n*k**2 + 188*k**2 - 5 - 3*k - 12*k - 9. What is m(-14)?
0
Let f be (-82)/(-3)*6*(1 - 0). Suppose 13*k = f - 34. Let o(q) = -7 + 3*q + 3 - 2*q. What is o(k)?
6
Let u(i) be the second derivative of -3*i**4/2 + i**2/2 - 29*i + 12. Give u(1).
-17
Let i(h) = 16*h**2 - 127*h**3 - 1133*h + 126*h**3 - 78 + 1172*h. Calculate i(18).
-24
Let d(b) = b**2 + 7*b + 6. Suppose k = -9 - 25. Let j = 47 - 17. Let v = k + j. Determine d(v).
-6
Let r(v) = -3*v**2 + 2*v + 1. Let h(t) = -245*t**2 + 140*t + 70. Let k(q) = h(q) - 70*r(q). Let l be 3*-3*3/(-27). What is k(l)?
-35
Let q(x) = -x - 4. Let l(r) = r**2 - 20*r - 17. Let z be l(21). Let w = -5 - z. Let y(b) = b**2 + 10*b - 2. Let o be y(w). Calculate q(o).
7
Let t(y) = -y**2 - 15*y - 15. Suppose 7 = 4*v - 3*v. Suppose -v*q - 89 - 2 = 0. What is t(q)?
11
Let f(z) = -z + 9. Let n = -101 + 145. Suppose -n*u + 49*u + 5 = 0. Let h = u + 8. Calculate f(h).
2
Let p(n) = -14*n - 60. Let f(t) = 7*t + 30. Let k(c) = -13*f(c) - 6*p(c). What is k(-4)?
-2
Suppose -j = -2*h + 4*j - 1092, -5*h - 5*j = 2800. Let z = h - -551. Let o(g) = 4*g - 2. Calculate o(z).
-22
Let z(v) = -2*v + 5872 - 5684 + 28*v. Calculate z(-7).
6
Let t(k) be the second derivative of k**4/12 + 2*k**3/3 - 7*k**2 + k + 59. What is t(-6)?
-2
Suppose -z = -1, 0 = 3*g + 4*z + 8 + 3. Let n(c) = -c**2 - 2*c + 16. Let q be n(g). Let a(u) = -u - 8*u**2 + 3 + 3 - 6. Calculate a(q).
-9
Let h(k) = 25*k**2 - 9*k - 6. Let a(g) = -37*g**2 + 12*g + 8. Let c(t) = -5*a(t) - 7*h(t). What is c(-2)?
36
Let c(p) be the first derivative of -57 + 5/2*p**2 - 1/3*p**3 - 2*p. What is c(4)?
2
Let j = 12847 - 12850. Let q(p) = 23*p - 2. Give q(j).
-71
Let g be (-16)/4 + 2 + -8 + 10. Suppose 12*q - 9*q = -5*k - 61, g = k + 3*q + 17. Let z(p) = p**3 + 11*p**2 + 2*p + 13. Give z(k).
-9
Let z(r) = -2*r**2 + 12*r + 4. Let n(x) = -191 - x**2 - 5*x + 7*x + 194 - 6*x**3. Let m be n(-1). What is z(m)?
4
Let n(v) be the first derivative of 1/4*v**4 - 16/3*v**3 - 1/2*v**2 + 16*v + 158. Calculate n(16).
0
Let a = 17275 + -17271. Let y(q) = 5*q**2 - 11*q + 21. Calculate y(a).
57
Let n(l) be the second derivative of l**4/12 - 11*l**3/6 + 11*l**2 + 8*l - 26. Give n(7).
-6
Let i = 5 - 2. Let a(b) be the first derivative of 152 - 2*b**2 + 5/3*b**3 - 1/2*b**4 + 4*b. Determine a(i).
-17
Let b = 510 - 485. Let g(r) = -321 - b*r + 26*r + 332. Determine g(-13).
-2
Let a(k) = 3*k**2 + 2*k + 12. Let l(v) = -v**2 - 10*v + 459. Let g be l(-27). Give a(g).
12
Let y(p) = -10*p**2 + 13 + 16*p**2 - 5*p**2 - p. Suppose 4*k - k - 213 = 0. Suppose 0 = -75*v + k*v. Give y(v).
13
Let d(m) = -6*m**2 + 12*m + 9. Let c be 99/(-44) + 63/12. Determine d(c).
-9
Let c(a) = -2 + 12*a**3 + 1 - 1 - 5*a**3 - 5*a**2 - 5*a - 8*a**3. Let i = 9 - 9. Suppose i*u + 12 = -3*u. Determine c(u).
2
Let b(l) = -l + 6. Let r = 57 - 53. Suppose r = 41*q - 40*q. Determine b(q).
2
Let d(b) = -7*b**3 + 11*b**2 + 3*b + 15. Let v = -28 - -37. Let u(a) = -5*a**2 + 0*a - 8 - 11*a + v*a + 4*a**3. Let p(f) = -3*d(f) - 5*u(f). Give p(8).
3
Let x(a) be the third derivative of 7*a**4/24 + 499*a**2 - 7*a - 2. Let l be (4/6)/(2/(-6)). Calculate x(l).
-14
Let v(z) = -5*z - 48. Let y be 7 + (-30)/(-20) + (-14)/4 + -14. Determine v(y).
-3
Suppose -5*w + 5*s = -29 + 149, 3*s + 54 = -4*w. Let y(g) = g**3 + 19*g**2 + 13*g - 98. What is y(w)?
-8
Let g = -266 + 268. Let p(y) = 4*y**3 + 17*y**2 - 7*y - 3. Let x(t) = -t**3 - 5*t**2 + 2*